{"id":3577,"date":"2025-03-13T12:36:37","date_gmt":"2025-03-13T10:36:37","guid":{"rendered":"https:\/\/sponsorsmill-store.fi\/okk\/tuote\/hart-sport-energy-urheilujuoma-multifruit-750-ml-6-kpln-pakkaus"},"modified":"2025-10-14T17:17:34","modified_gmt":"2025-10-14T14:17:34","slug":"hart-sport-energy-urheilujuoma-multifruit-750-ml-6-kpln-pakkaus","status":"publish","type":"product","link":"https:\/\/sponsorsmill-store.fi\/okk\/tuote\/hart-sport-energy-urheilujuoma-multifruit-750-ml-6-kpln-pakkaus","title":{"rendered":"Hart-Sport Energy Urheilujuoma Multifruit 750 ml &#8211; 6 kpl:n pakkaus."},"content":{"rendered":"","protected":false},"excerpt":{"rendered":"<p>HartSport &#8211; Suomen legendaarisin urheilujuoma<\/p>\n<p>HartSport on tuotemerkki, joka mullisti urheiluravitsemuksen Suomessa 1980-luvulla. Olemme ylpe\u00e4n\u00e4 Suomen urheiluravintomarkkinoiden ensimm\u00e4inen ja ikonisin tuotemerkki.<\/p>\n<p>HartSport Sports Drink Powder on legendaarisen br\u00e4ndimme kulmakivi. T\u00e4m\u00e4 uraauurtavien suomalaisten urheilul\u00e4\u00e4k\u00e4reiden kehitt\u00e4m\u00e4 tuote on suunniteltu tarjoamaan keholle v\u00e4ltt\u00e4m\u00e4tt\u00f6mi\u00e4 energiaa ja elektrolyyttej\u00e4, joita kehosi tarvitsee menesty\u00e4kseen pitk\u00e4aikaisessa urheilusuorituksessa.<\/p>\n<p>Kest\u00e4v\u00e4\u00e4 energiaa: Tankkaa kehoasi tarkalla hiilihydraattiseoksella, joka t\u00e4ydent\u00e4\u00e4 glykogeenivarastoja ja pit\u00e4\u00e4 sinut energisen\u00e4 ja pys\u00e4ytt\u00e4m\u00e4tt\u00f6m\u00e4n\u00e4 vaikeimpien harjoitusten ja kilpailujen aikana.<\/p>\n<p>Elektrolyyttitasapaino: S\u00e4ilyt\u00e4 optimaalinen nestetasapaino t\u00e4ydellisell\u00e4 elektrolyyttitasapainolla. Hart-Sport Energy Powder varmistaa, ett\u00e4 pysyt hydratoituneena ja valmiina huippusuorituksiin harjoittelusi intensiteetist\u00e4 riippumatta.<\/p>\n<p>L\u00e4\u00e4k\u00e4reiden kehitt\u00e4m\u00e4: Luota suomalaisten urheilul\u00e4\u00e4k\u00e4reiden asiantuntemukseen, jotka ovat huolellisesti kehitt\u00e4neet Hart-Sport urheilujuomajauheen t\u00e4ytt\u00e4m\u00e4\u00e4n sek\u00e4 huippu-urheilijoiden ett\u00e4 kuntoharrastajien tiukat vaatimukset.<\/p>\n<p>Nyt saatavilla uusi upea maku, multifruit!<\/p>\n","protected":false},"featured_media":10000005271,"template":"","meta":[],"product_brand":[],"product_cat":[599],"product_tag":[608],"class_list":{"0":"post-3577","1":"product","2":"type-product","3":"status-publish","4":"has-post-thumbnail","6":"product_cat-hart-sport-box","7":"product_tag-hart-sport-energy-urheilujuoma-multifruit-750-ml","9":"first","10":"instock","11":"taxable","12":"shipping-taxable","13":"purchasable","14":"product-type-simple"},"yoast_head":"<!-- This site is optimized with the Yoast SEO plugin v27.4 - https:\/\/yoast.com\/product\/yoast-seo-wordpress\/ -->\n<title>Hart-Sport Energy Urheilujuoma Multifruit 750 ml - 6 kpl:n pakkaus. - Oulunkyl\u00e4n Kiekko-Kerho<\/title>\n<meta name=\"robots\" content=\"index, follow, max-snippet:-1, max-image-preview:large, max-video-preview:-1\" \/>\n<link rel=\"canonical\" href=\"https:\/\/sponsorsmill-store.fi\/okk\/tuote\/hart-sport-energy-urheilujuoma-multifruit-750-ml-6-kpln-pakkaus\" \/>\n<meta property=\"og:locale\" content=\"fi_FI\" \/>\n<meta property=\"og:type\" content=\"article\" \/>\n<meta property=\"og:title\" content=\"Hart-Sport Energy Urheilujuoma Multifruit 750 ml - 6 kpl:n pakkaus. - Oulunkyl\u00e4n Kiekko-Kerho\" \/>\n<meta property=\"og:description\" content=\"HartSport - Suomen legendaarisin urheilujuoma  HartSport on tuotemerkki, joka mullisti urheiluravitsemuksen Suomessa 1980-luvulla. Olemme ylpe\u00e4n\u00e4 Suomen urheiluravintomarkkinoiden ensimm\u00e4inen ja ikonisin tuotemerkki.  HartSport Sports Drink Powder on legendaarisen br\u00e4ndimme kulmakivi. T\u00e4m\u00e4 uraauurtavien suomalaisten urheilul\u00e4\u00e4k\u00e4reiden kehitt\u00e4m\u00e4 tuote on suunniteltu tarjoamaan keholle v\u00e4ltt\u00e4m\u00e4tt\u00f6mi\u00e4 energiaa ja elektrolyyttej\u00e4, joita kehosi tarvitsee menesty\u00e4kseen pitk\u00e4aikaisessa urheilusuorituksessa.  Kest\u00e4v\u00e4\u00e4 energiaa: Tankkaa kehoasi tarkalla hiilihydraattiseoksella, joka t\u00e4ydent\u00e4\u00e4 glykogeenivarastoja ja pit\u00e4\u00e4 sinut energisen\u00e4 ja pys\u00e4ytt\u00e4m\u00e4tt\u00f6m\u00e4n\u00e4 vaikeimpien harjoitusten ja kilpailujen aikana.  Elektrolyyttitasapaino: S\u00e4ilyt\u00e4 optimaalinen nestetasapaino t\u00e4ydellisell\u00e4 elektrolyyttitasapainolla. Hart-Sport Energy Powder varmistaa, ett\u00e4 pysyt hydratoituneena ja valmiina huippusuorituksiin harjoittelusi intensiteetist\u00e4 riippumatta.  L\u00e4\u00e4k\u00e4reiden kehitt\u00e4m\u00e4: Luota suomalaisten urheilul\u00e4\u00e4k\u00e4reiden asiantuntemukseen, jotka ovat huolellisesti kehitt\u00e4neet Hart-Sport urheilujuomajauheen t\u00e4ytt\u00e4m\u00e4\u00e4n sek\u00e4 huippu-urheilijoiden ett\u00e4 kuntoharrastajien tiukat vaatimukset.  Nyt saatavilla uusi upea maku, multifruit!\" \/>\n<meta property=\"og:url\" content=\"https:\/\/sponsorsmill-store.fi\/okk\/tuote\/hart-sport-energy-urheilujuoma-multifruit-750-ml-6-kpln-pakkaus\" \/>\n<meta property=\"og:site_name\" content=\"Oulunkyl\u00e4n Kiekko-Kerho\" \/>\n<meta property=\"article:modified_time\" content=\"2025-10-14T14:17:34+00:00\" \/>\n<meta name=\"twitter:card\" content=\"summary_large_image\" \/>\n<script type=\"application\/ld+json\" class=\"yoast-schema-graph\">{\"@context\":\"https:\\\/\\\/schema.org\",\"@graph\":[{\"@type\":\"WebPage\",\"@id\":\"https:\\\/\\\/sponsorsmill-store.fi\\\/okk\\\/tuote\\\/hart-sport-energy-urheilujuoma-multifruit-750-ml-6-kpln-pakkaus\",\"url\":\"https:\\\/\\\/sponsorsmill-store.fi\\\/okk\\\/tuote\\\/hart-sport-energy-urheilujuoma-multifruit-750-ml-6-kpln-pakkaus\",\"name\":\"Hart-Sport Energy Urheilujuoma Multifruit 750 ml - 6 kpl:n pakkaus. - Oulunkyl\u00e4n Kiekko-Kerho\",\"isPartOf\":{\"@id\":\"https:\\\/\\\/sponsorsmill-store.fi\\\/okk\\\/#website\"},\"primaryImageOfPage\":{\"@id\":\"https:\\\/\\\/sponsorsmill-store.fi\\\/okk\\\/tuote\\\/hart-sport-energy-urheilujuoma-multifruit-750-ml-6-kpln-pakkaus#primaryimage\"},\"image\":{\"@id\":\"https:\\\/\\\/sponsorsmill-store.fi\\\/okk\\\/tuote\\\/hart-sport-energy-urheilujuoma-multifruit-750-ml-6-kpln-pakkaus#primaryimage\"},\"thumbnailUrl\":\"https:\\\/\\\/sponsorsmill-store.fi\\\/okk\\\/wp-content\\\/uploads\\\/2025\\\/03\\\/Hart-Sport-Multifruit-Valmisjuoma-750-ml-scaled.webp\",\"datePublished\":\"2025-03-13T10:36:37+00:00\",\"dateModified\":\"2025-10-14T14:17:34+00:00\",\"breadcrumb\":{\"@id\":\"https:\\\/\\\/sponsorsmill-store.fi\\\/okk\\\/tuote\\\/hart-sport-energy-urheilujuoma-multifruit-750-ml-6-kpln-pakkaus#breadcrumb\"},\"inLanguage\":\"fi\",\"potentialAction\":[{\"@type\":\"ReadAction\",\"target\":[\"https:\\\/\\\/sponsorsmill-store.fi\\\/okk\\\/tuote\\\/hart-sport-energy-urheilujuoma-multifruit-750-ml-6-kpln-pakkaus\"]}]},{\"@type\":\"ImageObject\",\"inLanguage\":\"fi\",\"@id\":\"https:\\\/\\\/sponsorsmill-store.fi\\\/okk\\\/tuote\\\/hart-sport-energy-urheilujuoma-multifruit-750-ml-6-kpln-pakkaus#primaryimage\",\"url\":\"https:\\\/\\\/sponsorsmill-store.fi\\\/okk\\\/wp-content\\\/uploads\\\/2025\\\/03\\\/Hart-Sport-Multifruit-Valmisjuoma-750-ml-scaled.webp\",\"contentUrl\":\"https:\\\/\\\/sponsorsmill-store.fi\\\/okk\\\/wp-content\\\/uploads\\\/2025\\\/03\\\/Hart-Sport-Multifruit-Valmisjuoma-750-ml-scaled.webp\"},{\"@type\":\"BreadcrumbList\",\"@id\":\"https:\\\/\\\/sponsorsmill-store.fi\\\/okk\\\/tuote\\\/hart-sport-energy-urheilujuoma-multifruit-750-ml-6-kpln-pakkaus#breadcrumb\",\"itemListElement\":[{\"@type\":\"ListItem\",\"position\":1,\"name\":\"Etusivu\",\"item\":\"https:\\\/\\\/sponsorsmill-store.fi\\\/okk\\\/\"},{\"@type\":\"ListItem\",\"position\":2,\"name\":\"Kauppa\",\"item\":\"https:\\\/\\\/sponsorsmill-store.fi\\\/okk\\\/kauppa\"},{\"@type\":\"ListItem\",\"position\":3,\"name\":\"Hart-Sport Energy Urheilujuoma Multifruit 750 ml &#8211; 6 kpl:n pakkaus.\"}]},{\"@type\":\"WebSite\",\"@id\":\"https:\\\/\\\/sponsorsmill-store.fi\\\/okk\\\/#website\",\"url\":\"https:\\\/\\\/sponsorsmill-store.fi\\\/okk\\\/\",\"name\":\"Oulunkyl\u00e4n Kiekko-Kerho\",\"description\":\"\",\"publisher\":{\"@id\":\"https:\\\/\\\/sponsorsmill-store.fi\\\/okk\\\/#organization\"},\"potentialAction\":[{\"@type\":\"SearchAction\",\"target\":{\"@type\":\"EntryPoint\",\"urlTemplate\":\"https:\\\/\\\/sponsorsmill-store.fi\\\/okk\\\/?s={search_term_string}\"},\"query-input\":{\"@type\":\"PropertyValueSpecification\",\"valueRequired\":true,\"valueName\":\"search_term_string\"}}],\"inLanguage\":\"fi\"},{\"@type\":\"Organization\",\"@id\":\"https:\\\/\\\/sponsorsmill-store.fi\\\/okk\\\/#organization\",\"name\":\"Oulunkyl\u00e4n Kiekko-Kerho\",\"url\":\"https:\\\/\\\/sponsorsmill-store.fi\\\/okk\\\/\",\"logo\":{\"@type\":\"ImageObject\",\"inLanguage\":\"fi\",\"@id\":\"https:\\\/\\\/sponsorsmill-store.fi\\\/okk\\\/#\\\/schema\\\/logo\\\/image\\\/\",\"url\":\"https:\\\/\\\/sponsorsmill-store.fi\\\/okk\\\/wp-content\\\/uploads\\\/sites\\\/2\\\/2025\\\/01\\\/cropped-logo-600-100x100-1.png\",\"contentUrl\":\"https:\\\/\\\/sponsorsmill-store.fi\\\/okk\\\/wp-content\\\/uploads\\\/sites\\\/2\\\/2025\\\/01\\\/cropped-logo-600-100x100-1.png\",\"width\":512,\"height\":512,\"caption\":\"Oulunkyl\u00e4n Kiekko-Kerho\"},\"image\":{\"@id\":\"https:\\\/\\\/sponsorsmill-store.fi\\\/okk\\\/#\\\/schema\\\/logo\\\/image\\\/\"}}]}<\/script>\n<!-- \/ Yoast SEO plugin. -->","yoast_head_json":{"title":"Hart-Sport Energy Urheilujuoma Multifruit 750 ml - 6 kpl:n pakkaus. - Oulunkyl\u00e4n Kiekko-Kerho","robots":{"index":"index","follow":"follow","max-snippet":"max-snippet:-1","max-image-preview":"max-image-preview:large","max-video-preview":"max-video-preview:-1"},"canonical":"https:\/\/sponsorsmill-store.fi\/okk\/tuote\/hart-sport-energy-urheilujuoma-multifruit-750-ml-6-kpln-pakkaus","og_locale":"fi_FI","og_type":"article","og_title":"Hart-Sport Energy Urheilujuoma Multifruit 750 ml - 6 kpl:n pakkaus. - Oulunkyl\u00e4n Kiekko-Kerho","og_description":"HartSport - Suomen legendaarisin urheilujuoma  HartSport on tuotemerkki, joka mullisti urheiluravitsemuksen Suomessa 1980-luvulla. Olemme ylpe\u00e4n\u00e4 Suomen urheiluravintomarkkinoiden ensimm\u00e4inen ja ikonisin tuotemerkki.  HartSport Sports Drink Powder on legendaarisen br\u00e4ndimme kulmakivi. T\u00e4m\u00e4 uraauurtavien suomalaisten urheilul\u00e4\u00e4k\u00e4reiden kehitt\u00e4m\u00e4 tuote on suunniteltu tarjoamaan keholle v\u00e4ltt\u00e4m\u00e4tt\u00f6mi\u00e4 energiaa ja elektrolyyttej\u00e4, joita kehosi tarvitsee menesty\u00e4kseen pitk\u00e4aikaisessa urheilusuorituksessa.  Kest\u00e4v\u00e4\u00e4 energiaa: Tankkaa kehoasi tarkalla hiilihydraattiseoksella, joka t\u00e4ydent\u00e4\u00e4 glykogeenivarastoja ja pit\u00e4\u00e4 sinut energisen\u00e4 ja pys\u00e4ytt\u00e4m\u00e4tt\u00f6m\u00e4n\u00e4 vaikeimpien harjoitusten ja kilpailujen aikana.  Elektrolyyttitasapaino: S\u00e4ilyt\u00e4 optimaalinen nestetasapaino t\u00e4ydellisell\u00e4 elektrolyyttitasapainolla. Hart-Sport Energy Powder varmistaa, ett\u00e4 pysyt hydratoituneena ja valmiina huippusuorituksiin harjoittelusi intensiteetist\u00e4 riippumatta.  L\u00e4\u00e4k\u00e4reiden kehitt\u00e4m\u00e4: Luota suomalaisten urheilul\u00e4\u00e4k\u00e4reiden asiantuntemukseen, jotka ovat huolellisesti kehitt\u00e4neet Hart-Sport urheilujuomajauheen t\u00e4ytt\u00e4m\u00e4\u00e4n sek\u00e4 huippu-urheilijoiden ett\u00e4 kuntoharrastajien tiukat vaatimukset.  Nyt saatavilla uusi upea maku, multifruit!","og_url":"https:\/\/sponsorsmill-store.fi\/okk\/tuote\/hart-sport-energy-urheilujuoma-multifruit-750-ml-6-kpln-pakkaus","og_site_name":"Oulunkyl\u00e4n Kiekko-Kerho","article_modified_time":"2025-10-14T14:17:34+00:00","twitter_card":"summary_large_image","schema":{"@context":"https:\/\/schema.org","@graph":[{"@type":"WebPage","@id":"https:\/\/sponsorsmill-store.fi\/okk\/tuote\/hart-sport-energy-urheilujuoma-multifruit-750-ml-6-kpln-pakkaus","url":"https:\/\/sponsorsmill-store.fi\/okk\/tuote\/hart-sport-energy-urheilujuoma-multifruit-750-ml-6-kpln-pakkaus","name":"Hart-Sport Energy Urheilujuoma Multifruit 750 ml - 6 kpl:n pakkaus. - Oulunkyl\u00e4n Kiekko-Kerho","isPartOf":{"@id":"https:\/\/sponsorsmill-store.fi\/okk\/#website"},"primaryImageOfPage":{"@id":"https:\/\/sponsorsmill-store.fi\/okk\/tuote\/hart-sport-energy-urheilujuoma-multifruit-750-ml-6-kpln-pakkaus#primaryimage"},"image":{"@id":"https:\/\/sponsorsmill-store.fi\/okk\/tuote\/hart-sport-energy-urheilujuoma-multifruit-750-ml-6-kpln-pakkaus#primaryimage"},"thumbnailUrl":"https:\/\/sponsorsmill-store.fi\/okk\/wp-content\/uploads\/2025\/03\/Hart-Sport-Multifruit-Valmisjuoma-750-ml-scaled.webp","datePublished":"2025-03-13T10:36:37+00:00","dateModified":"2025-10-14T14:17:34+00:00","breadcrumb":{"@id":"https:\/\/sponsorsmill-store.fi\/okk\/tuote\/hart-sport-energy-urheilujuoma-multifruit-750-ml-6-kpln-pakkaus#breadcrumb"},"inLanguage":"fi","potentialAction":[{"@type":"ReadAction","target":["https:\/\/sponsorsmill-store.fi\/okk\/tuote\/hart-sport-energy-urheilujuoma-multifruit-750-ml-6-kpln-pakkaus"]}]},{"@type":"ImageObject","inLanguage":"fi","@id":"https:\/\/sponsorsmill-store.fi\/okk\/tuote\/hart-sport-energy-urheilujuoma-multifruit-750-ml-6-kpln-pakkaus#primaryimage","url":"https:\/\/sponsorsmill-store.fi\/okk\/wp-content\/uploads\/2025\/03\/Hart-Sport-Multifruit-Valmisjuoma-750-ml-scaled.webp","contentUrl":"https:\/\/sponsorsmill-store.fi\/okk\/wp-content\/uploads\/2025\/03\/Hart-Sport-Multifruit-Valmisjuoma-750-ml-scaled.webp"},{"@type":"BreadcrumbList","@id":"https:\/\/sponsorsmill-store.fi\/okk\/tuote\/hart-sport-energy-urheilujuoma-multifruit-750-ml-6-kpln-pakkaus#breadcrumb","itemListElement":[{"@type":"ListItem","position":1,"name":"Etusivu","item":"https:\/\/sponsorsmill-store.fi\/okk\/"},{"@type":"ListItem","position":2,"name":"Kauppa","item":"https:\/\/sponsorsmill-store.fi\/okk\/kauppa"},{"@type":"ListItem","position":3,"name":"Hart-Sport Energy Urheilujuoma Multifruit 750 ml &#8211; 6 kpl:n pakkaus."}]},{"@type":"WebSite","@id":"https:\/\/sponsorsmill-store.fi\/okk\/#website","url":"https:\/\/sponsorsmill-store.fi\/okk\/","name":"Oulunkyl\u00e4n Kiekko-Kerho","description":"","publisher":{"@id":"https:\/\/sponsorsmill-store.fi\/okk\/#organization"},"potentialAction":[{"@type":"SearchAction","target":{"@type":"EntryPoint","urlTemplate":"https:\/\/sponsorsmill-store.fi\/okk\/?s={search_term_string}"},"query-input":{"@type":"PropertyValueSpecification","valueRequired":true,"valueName":"search_term_string"}}],"inLanguage":"fi"},{"@type":"Organization","@id":"https:\/\/sponsorsmill-store.fi\/okk\/#organization","name":"Oulunkyl\u00e4n Kiekko-Kerho","url":"https:\/\/sponsorsmill-store.fi\/okk\/","logo":{"@type":"ImageObject","inLanguage":"fi","@id":"https:\/\/sponsorsmill-store.fi\/okk\/#\/schema\/logo\/image\/","url":"https:\/\/sponsorsmill-store.fi\/okk\/wp-content\/uploads\/sites\/2\/2025\/01\/cropped-logo-600-100x100-1.png","contentUrl":"https:\/\/sponsorsmill-store.fi\/okk\/wp-content\/uploads\/sites\/2\/2025\/01\/cropped-logo-600-100x100-1.png","width":512,"height":512,"caption":"Oulunkyl\u00e4n Kiekko-Kerho"},"image":{"@id":"https:\/\/sponsorsmill-store.fi\/okk\/#\/schema\/logo\/image\/"}}]}},"_links":{"self":[{"href":"https:\/\/sponsorsmill-store.fi\/okk\/wp-json\/wp\/v2\/product\/3577","targetHints":{"allow":["GET"]}}],"collection":[{"href":"https:\/\/sponsorsmill-store.fi\/okk\/wp-json\/wp\/v2\/product"}],"about":[{"href":"https:\/\/sponsorsmill-store.fi\/okk\/wp-json\/wp\/v2\/types\/product"}],"wp:featuredmedia":[{"embeddable":true,"href":"https:\/\/sponsorsmill-store.fi\/okk\/wp-json\/"}],"wp:attachment":[{"href":"https:\/\/sponsorsmill-store.fi\/okk\/wp-json\/wp\/v2\/media?parent=3577"}],"wp:term":[{"taxonomy":"product_brand","embeddable":true,"href":"https:\/\/sponsorsmill-store.fi\/okk\/wp-json\/wp\/v2\/product_brand?post=3577"},{"taxonomy":"product_cat","embeddable":true,"href":"https:\/\/sponsorsmill-store.fi\/okk\/wp-json\/wp\/v2\/product_cat?post=3577"},{"taxonomy":"product_tag","embeddable":true,"href":"https:\/\/sponsorsmill-store.fi\/okk\/wp-json\/wp\/v2\/product_tag?post=3577"}],"curies":[{"name":"wp","href":"https:\/\/api.w.org\/{rel}","templated":true}]}}