{"id":103,"date":"2025-06-08T17:10:00","date_gmt":"2025-06-08T14:10:00","guid":{"rendered":"https:\/\/sponsorsmill-store.fi\/turunpubiliiga\/?page_id=103"},"modified":"2025-11-12T14:30:08","modified_gmt":"2025-11-12T12:30:08","slug":"etusivu","status":"publish","type":"page","link":"https:\/\/sponsorsmill-store.fi\/turunpubiliiga\/","title":{"rendered":"Etusivu"},"content":{"rendered":"<div class=\"et_pb_section_0 et_pb_section et_section_specialty et_pb_gutters3 et_block_section\"><div class=\"et_pb_row et_block_row\">\n<div class=\"et_pb_column_0 et_pb_column et_pb_specialty_column et_pb_column_2_3 et_block_column et_pb_css_mix_blend_mode_passthrough\">\n<div class=\"et_pb_row_inner_0 et_pb_row_inner et_block_row\">\n<div class=\"et_pb_column_inner_0 et_pb_column_inner et_pb_column et_pb_column_4_4 et-last-child et_block_column et_pb_css_mix_blend_mode_passthrough preset--module--divi-column-inner--73121f80-a3ef-4484-8763-c3f18e3c56d2\">\n<div class=\"et_pb_heading_0 et_pb_heading et_pb_module et_block_module preset--module--divi-heading--ddeb8c09-9078-4424-bc15-2efb6572e28e\"><div class=\"et_pb_heading_container\"><h1 class=\"et_pb_module_header\">Turun Pubiliiga: Jalkapallon Yhteis\u00f6llinen Perinne<\/h1><\/div><\/div>\n\n<div class=\"et_pb_text_0 et_pb_text et_pb_bg_layout_light et_pb_module et_block_module preset--module--divi-text--2c55a9c4-feed-423b-9edb-ae0b5b365cac\"><div class=\"et_pb_text_inner\"><p>Liity mukaan Turun Pubiliigan j\u00e4nnitt\u00e4v\u00e4\u00e4n maailmaan, jossa pubit ja jalkapallo yhdistyv\u00e4t ainutlaatuiseksi kokemukseksi.<\/p>\n<\/div><\/div>\n<\/div>\n<\/div>\n\n<div class=\"et_pb_row_inner_1 et_pb_row_inner et_block_row\">\n<div class=\"et_pb_column_inner_1 et_pb_column_inner et_pb_column et_pb_column_1_3 et_block_column et_pb_css_mix_blend_mode_passthrough preset--module--divi-column-inner--73121f80-a3ef-4484-8763-c3f18e3c56d2\">\n<div class=\"et_pb_blurb_0 et_pb_blurb et_pb_bg_layout_light et_pb_blurb_position_top et_pb_module et_block_module preset--module--divi-blurb--212b201d-2c34-41bd-936c-851b7357d08b\"><div class=\"et_pb_blurb_content\"><div class=\"et_pb_main_blurb_image\"><span class=\"et_pb_image_wrap\"><span class=\"et-pb-icon\">\uf509<\/span><\/span><\/div><div class=\"et_pb_blurb_container\"><h4 class=\"et_pb_module_header\">Yhteis\u00f6llisyys<\/h4><div class=\"et_pb_blurb_description\"><p>Pubiliiga tuo yhteen jalkapalloa rakastavat yhteis\u00f6t Turun alueella.<\/p>\n<\/div><\/div><\/div><\/div>\n<\/div>\n\n<div class=\"et_pb_column_inner_2 et_pb_column_inner et_pb_column et_pb_column_1_3 et-last-child et_block_column et_pb_css_mix_blend_mode_passthrough preset--module--divi-column-inner--73121f80-a3ef-4484-8763-c3f18e3c56d2\">\n<div class=\"et_pb_blurb_1 et_pb_blurb et_pb_bg_layout_light et_pb_blurb_position_top et_pb_module et_block_module preset--module--divi-blurb--212b201d-2c34-41bd-936c-851b7357d08b\"><div class=\"et_pb_blurb_content\"><div class=\"et_pb_main_blurb_image\"><span class=\"et_pb_image_wrap\"><span class=\"et-pb-icon\">\uf481<\/span><\/span><\/div><div class=\"et_pb_blurb_container\"><h4 class=\"et_pb_module_header\">Perinteet<\/h4><div class=\"et_pb_blurb_description\"><p>Vuosikymmenten perinteet jatkuvat uusien sukupolvien my\u00f6t\u00e4.<\/p>\n<\/div><\/div><\/div><\/div>\n<\/div>\n<\/div>\n<\/div>\n\n<div class=\"et_pb_column_1 et_pb_column et_pb_column_single et_pb_column_1_3 et-last-child et_block_column et_pb_css_mix_blend_mode_passthrough preset--module--divi-column--73121f80-a3ef-4484-8763-c3f18e3c56d2\">\n<div class=\"et_pb_image_0 et_pb_image et_pb_module et_block_module preset--module--divi-image--1cc6152f-565c-4c4d-b0c9-cf8c9576c341\"><span class=\"et_pb_image_wrap\"><img decoding=\"async\" src=\"https:\/\/sponsorsmill-store.fi\/turunpubiliiga\/wp-content\/uploads\/sites\/26\/2025\/06\/0-7cfbaa78-83d4-400f-8be6-b9e9bcd03fa9-800x1080.avif\" title=\"800x1080\" \/><\/span><\/div>\n<\/div>\n<\/div><\/div>\n\n<div class=\"et_pb_section_1 et_pb_section et_section_regular et_block_section preset--module--divi-section--default\">\n<div class=\"et_pb_row_0 et_pb_row et_block_row preset--module--divi-row--048d8e79-b07f-439b-bd57-f41c14f0a56b\">\n<div class=\"et_pb_column_2 et_pb_column et_pb_column_1_2 et_block_column et_pb_css_mix_blend_mode_passthrough\">\n<div class=\"et_pb_image_1 et_pb_image et_pb_module et_block_module preset--module--divi-image--8249bb47-7bda-4c77-8a37-2a958f7a9826\"><span class=\"et_pb_image_wrap\"><img decoding=\"async\" src=\"https:\/\/sponsorsmill-store.fi\/turunpubiliiga\/wp-content\/uploads\/sites\/26\/2025\/06\/2-41c22018-3bce-4838-b48e-e5f244afc967-512x512.avif\" title=\"800x800\" \/><\/span><\/div>\n<\/div>\n\n<div class=\"et_pb_column_3 et_pb_column et_pb_column_1_2 et-last-child et_block_column et_pb_css_mix_blend_mode_passthrough\">\n<div class=\"et_pb_heading_1 et_pb_heading et_pb_module et_block_module preset--module--divi-heading--c33f07d9-41e0-421a-8799-5799df695cce\"><div class=\"et_pb_heading_container\"><h2 class=\"et_pb_module_header\">Pubiliigan Tarina<\/h2><\/div><\/div>\n\n<div class=\"et_pb_text_1 et_pb_text et_pb_bg_layout_light et_pb_module et_block_module preset--module--divi-text--2c55a9c4-feed-423b-9edb-ae0b5b365cac\"><div class=\"et_pb_text_inner\"><p>Pubiliiga sai alkunsa 1970-luvulla Turussa, ja siit\u00e4 on tullut olennainen osa alueen jalkapallokulttuuria. Alun perin muutaman innokkaan jalkapalloilijan perustama liiga on kasvanut vuosien varrella merkitt\u00e4v\u00e4ksi tapahtumaksi, joka yhdist\u00e4\u00e4 pubit ja jalkapallojoukkueet. Pubiliiga ei ole vain kilpailua, vaan se on my\u00f6s yhteis\u00f6llisyyden juhla, joka tuo yhteen pelaajat, fanit ja paikalliset yritykset.<\/p>\n<\/div><\/div>\n<\/div>\n<\/div>\n<\/div>\n\n<div class=\"et_pb_section_2 et_pb_section et_section_regular et_block_section et_pb_section_parallax preset--module--divi-section--default\"><span class=\"et-pb-parallax-wrapper\"><span class=\"et-pb-parallax-background et-pb-parallax-background-module--divi-section-2\" style=\"background-image:url(https:\/\/sponsorsmill-store.fi\/turunpubiliiga\/wp-content\/uploads\/sites\/26\/2025\/06\/0-4332b06b-5a65-4252-93a6-d1306d53df19-800x600.avif)\"><\/span><\/span>\n<div class=\"et_pb_row_1 et_pb_row et_block_row preset--module--divi-row--5138c454-be54-4233-bd3b-f8e6a8747976\">\n<div class=\"et_pb_column_4 et_pb_column et_pb_column_3_5 et_block_column et_pb_css_mix_blend_mode_passthrough preset--module--divi-column--73121f80-a3ef-4484-8763-c3f18e3c56d2\">\n<div class=\"et_pb_heading_2 et_pb_heading et_pb_module et_block_module preset--module--divi-heading--c33f07d9-41e0-421a-8799-5799df695cce\"><div class=\"et_pb_heading_container\"><h2 class=\"et_pb_module_header\">Joukkueet <\/h2><\/div><\/div>\n\n<div class=\"et_pb_text_2 et_pb_text et_pb_bg_layout_light et_pb_module et_block_module preset--module--divi-text--0504de1e-f5ff-4281-ba60-cbbe4edf98bc\"><div class=\"et_pb_text_inner\"><p><span style=\"color: #0000ff;\"><strong>Osallistuvat joukkueet<\/strong><\/span><\/p>\n<p><span style=\"color: #0000ff;\"><strong><a href=\"https:\/\/www.pubiliiga.fi\/results\/72\/teampage\/\" style=\"color: #0000ff;\">Bristol<\/a><a href=\"http:\/\/www.quizon.net\/\" target=\"_blank\" rel=\"noopener\" style=\"color: #0000ff;\">(K)<\/a><\/strong><\/span><br \/><span style=\"color: #0000ff;\"><strong> <a href=\"https:\/\/www.pubiliiga.fi\/results\/75\/teampage\/\" style=\"color: #0000ff;\">FC Boost<\/a><a href=\"https:\/\/www.boostsportsclub.fi\/\" target=\"_blank\" rel=\"noopener\" style=\"color: #0000ff;\">(K)<\/a><\/strong><\/span><br \/><span style=\"color: #0000ff;\"><strong> <a href=\"https:\/\/www.pubiliiga.fi\/results\/80\/teampage\/\" style=\"color: #0000ff;\">FC Hummpub<\/a><\/strong><\/span><br \/><span style=\"color: #0000ff;\"><strong> <a href=\"https:\/\/www.pubiliiga.fi\/results\/1\/teampage\/\" style=\"color: #0000ff;\">FC H\u00e4rk\u00e4<\/a><a href=\"http:\/\/www.iloinenharka.fi\/\" target=\"_blank\" rel=\"noopener\" style=\"color: #0000ff;\">(K)<\/a><\/strong><\/span><br \/><span style=\"color: #0000ff;\"><strong> <a href=\"https:\/\/www.pubiliiga.fi\/results\/64\/teampage\/\" style=\"color: #0000ff;\">FC Karjurock<\/a><a href=\"https:\/\/www.pubiliiga.fi\/results\/teams\/www.ravintolabasso.fi\" target=\"_blank\" rel=\"noopener\" style=\"color: #0000ff;\">(K)<\/a><\/strong><\/span><br \/><span style=\"color: #0000ff;\"><strong> <a href=\"https:\/\/www.pubiliiga.fi\/results\/89\/teampage\/\" style=\"color: #0000ff;\">FC Olkkari<\/a><a href=\"https:\/\/moisionolkkari.fi\/\" target=\"_blank\" rel=\"noopener\" style=\"color: #0000ff;\">(K)<\/a><\/strong><\/span><br \/><span style=\"color: #0000ff;\"><strong> <a href=\"https:\/\/www.pubiliiga.fi\/results\/8\/teampage\/\" style=\"color: #0000ff;\">FC Proffa<\/a><a href=\"https:\/\/www.facebook.com\/ravintolaproffankellari\/\" target=\"_blank\" rel=\"noopener\" style=\"color: #0000ff;\">(K)<\/a><\/strong><\/span><br \/><span style=\"color: #0000ff;\"><strong> <a href=\"https:\/\/www.pubiliiga.fi\/results\/84\/teampage\/\" style=\"color: #0000ff;\">FC Rantamakasiini<\/a><\/strong><\/span><br \/><span style=\"color: #0000ff;\"><strong> <a href=\"https:\/\/www.pubiliiga.fi\/results\/2\/teampage\/\" style=\"color: #0000ff;\">FC Whisky<\/a><a href=\"http:\/\/whiskybarfin.net\/\" target=\"_blank\" rel=\"noopener\" style=\"color: #0000ff;\">(K)<\/a><\/strong><\/span><br \/><span style=\"color: #0000ff;\"><strong> <a href=\"https:\/\/www.pubiliiga.fi\/results\/87\/teampage\/\" style=\"color: #0000ff;\">Fox United<\/a><\/strong><\/span><br \/><span style=\"color: #0000ff;\"><strong> <a href=\"https:\/\/www.pubiliiga.fi\/results\/56\/teampage\/\" style=\"color: #0000ff;\">Krouvi United<\/a><a href=\"http:\/\/www.taimonkrouvi.com\/\" target=\"_blank\" rel=\"noopener\" style=\"color: #0000ff;\">(K)<\/a><\/strong><\/span><br \/><span style=\"color: #0000ff;\"><strong> <a href=\"https:\/\/www.pubiliiga.fi\/results\/82\/teampage\/\" style=\"color: #0000ff;\">Pub Jaska<\/a><a href=\"https:\/\/pubjaska.fi\/\" target=\"_blank\" rel=\"noopener\" style=\"color: #0000ff;\">(K)<\/a><\/strong><\/span><br \/><span style=\"color: #0000ff;\"><strong> <a href=\"https:\/\/www.pubiliiga.fi\/results\/83\/teampage\/\" style=\"color: #0000ff;\">SU Talli<\/a><\/strong><\/span><br \/><span style=\"color: #0000ff;\"><strong> <a href=\"https:\/\/www.pubiliiga.fi\/results\/88\/teampage\/\" style=\"color: #0000ff;\">Sk\u00e4rg\u00e5rdsbaren<\/a><a href=\"https:\/\/www.saaristobaari.fi\/\" target=\"_blank\" rel=\"noopener\" style=\"color: #0000ff;\">(K)<\/a><\/strong><\/span><\/p>\n<\/div><\/div>\n<\/div>\n\n<div class=\"et_pb_column_5 et_pb_column et_pb_column_2_5 et-last-child et_block_column et_pb_column_empty et_pb_css_mix_blend_mode_passthrough preset--module--divi-column--73121f80-a3ef-4484-8763-c3f18e3c56d2\"><\/div>\n<\/div>\n<\/div>\n\n<div class=\"et_pb_section_3 et_pb_section et_section_regular et_block_section et_pb_section_parallax preset--module--divi-section--default\"><span class=\"et-pb-parallax-wrapper\"><span class=\"et-pb-parallax-background et-pb-parallax-background-module--divi-section-3\" style=\"background-image:url(https:\/\/sponsorsmill-store.fi\/turunpubiliiga\/wp-content\/uploads\/sites\/26\/2025\/06\/0-73c88e7d-884a-4330-b09a-c21ff1d99fa6-800x600.avif)\"><\/span><\/span>\n<div class=\"et_pb_row_2 et_pb_row et_block_row preset--module--divi-row--5138c454-be54-4233-bd3b-f8e6a8747976\">\n<div class=\"et_pb_column_6 et_pb_column et_pb_column_3_5 et_block_column et_pb_css_mix_blend_mode_passthrough preset--module--divi-column--73121f80-a3ef-4484-8763-c3f18e3c56d2\">\n<div class=\"et_pb_heading_3 et_pb_heading et_pb_module et_block_module preset--module--divi-heading--c33f07d9-41e0-421a-8799-5799df695cce\"><div class=\"et_pb_heading_container\"><h2 class=\"et_pb_module_header\">Tukesi Merkitsee<\/h2><\/div><\/div>\n\n<div class=\"et_pb_text_3 et_pb_text et_pb_bg_layout_light et_pb_module et_block_module preset--module--divi-text--0504de1e-f5ff-4281-ba60-cbbe4edf98bc\"><div class=\"et_pb_text_inner\"><p>Tilaamalla tuotteitamme tuet suoraan omaa tai suosikkijoukkuettasi Pubiliigassa. Jokainen ostos auttaa joukkueita jatkamaan perinteit\u00e4 ja kehitt\u00e4m\u00e4\u00e4n toimintaansa. Liity mukaan tukemaan paikallista jalkapallokulttuuria!<\/p>\n<\/div><\/div>\n\n<div class=\"et_pb_module et_pb_button_module_wrapper et_pb_button_0_wrapper preset--module--divi-button--ab15fb74-61a3-43aa-96b3-41e09aeef654_wrapper\"><a class=\"et_pb_button_0 et_pb_button et_pb_bg_layout_light et_pb_module et_block_module preset--module--divi-button--ab15fb74-61a3-43aa-96b3-41e09aeef654\" href=\"\">Tilaa Nyt<\/a><\/div>\n<\/div>\n\n<div class=\"et_pb_column_7 et_pb_column et_pb_column_2_5 et-last-child et_block_column et_pb_css_mix_blend_mode_passthrough preset--module--divi-column--73121f80-a3ef-4484-8763-c3f18e3c56d2\">\n<div class=\"et_pb_image_2 et_pb_image et_pb_module et_block_module preset--module--divi-image--6ed8fd5c-62c5-4100-98c3-7b8b6d2c2ee6\"><span class=\"et_pb_image_wrap\"><img decoding=\"async\" src=\"https:\/\/sponsorsmill-store.fi\/turunpubiliiga\/wp-content\/uploads\/sites\/26\/2025\/06\/0-fdb1a9c4-d143-45a8-a9db-638b8047f401-800x600.avif\" title=\"800x600\" \/><\/span><\/div>\n<\/div>\n<\/div>\n<\/div>","protected":false},"excerpt":{"rendered":"","protected":false},"author":1,"featured_media":0,"parent":0,"menu_order":0,"comment_status":"closed","ping_status":"closed","template":"","meta":{"footnotes":""},"class_list":["post-103","page","type-page","status-publish","hentry"],"yoast_head":"<!-- This site is optimized with the Yoast SEO plugin v27.4 - https:\/\/yoast.com\/product\/yoast-seo-wordpress\/ -->\n<title>Etusivu - Turun Pubiliiga<\/title>\n<meta name=\"robots\" content=\"index, follow, max-snippet:-1, max-image-preview:large, max-video-preview:-1\" \/>\n<link rel=\"canonical\" href=\"https:\/\/sponsorsmill-store.fi\/turunpubiliiga\/\" \/>\n<meta property=\"og:locale\" content=\"fi_FI\" \/>\n<meta property=\"og:type\" content=\"article\" \/>\n<meta property=\"og:title\" content=\"Etusivu - Turun Pubiliiga\" \/>\n<meta property=\"og:url\" content=\"https:\/\/sponsorsmill-store.fi\/turunpubiliiga\/\" \/>\n<meta property=\"og:site_name\" content=\"Turun Pubiliiga\" \/>\n<meta property=\"article:modified_time\" content=\"2025-11-12T12:30:08+00:00\" \/>\n<meta name=\"twitter:card\" content=\"summary_large_image\" \/>\n<meta name=\"twitter:label1\" content=\"Arvioitu lukuaika\" \/>\n\t<meta name=\"twitter:data1\" content=\"1 minuutti\" \/>\n<script type=\"application\/ld+json\" class=\"yoast-schema-graph\">{\"@context\":\"https:\\\/\\\/schema.org\",\"@graph\":[{\"@type\":\"WebPage\",\"@id\":\"https:\\\/\\\/sponsorsmill-store.fi\\\/turunpubiliiga\\\/\",\"url\":\"https:\\\/\\\/sponsorsmill-store.fi\\\/turunpubiliiga\\\/\",\"name\":\"Etusivu - Turun Pubiliiga\",\"isPartOf\":{\"@id\":\"https:\\\/\\\/sponsorsmill-store.fi\\\/turunpubiliiga\\\/#website\"},\"datePublished\":\"2025-06-08T14:10:00+00:00\",\"dateModified\":\"2025-11-12T12:30:08+00:00\",\"breadcrumb\":{\"@id\":\"https:\\\/\\\/sponsorsmill-store.fi\\\/turunpubiliiga\\\/#breadcrumb\"},\"inLanguage\":\"fi\",\"potentialAction\":[{\"@type\":\"ReadAction\",\"target\":[\"https:\\\/\\\/sponsorsmill-store.fi\\\/turunpubiliiga\\\/\"]}]},{\"@type\":\"BreadcrumbList\",\"@id\":\"https:\\\/\\\/sponsorsmill-store.fi\\\/turunpubiliiga\\\/#breadcrumb\",\"itemListElement\":[{\"@type\":\"ListItem\",\"position\":1,\"name\":\"Etusivu\",\"item\":\"https:\\\/\\\/sponsorsmill-store.fi\\\/turunpubiliiga\\\/\"},{\"@type\":\"ListItem\",\"position\":2,\"name\":\"Etusivu\"}]},{\"@type\":\"WebSite\",\"@id\":\"https:\\\/\\\/sponsorsmill-store.fi\\\/turunpubiliiga\\\/#website\",\"url\":\"https:\\\/\\\/sponsorsmill-store.fi\\\/turunpubiliiga\\\/\",\"name\":\"Sponsors Mill Store\",\"description\":\"\",\"publisher\":{\"@id\":\"https:\\\/\\\/sponsorsmill-store.fi\\\/turunpubiliiga\\\/#organization\"},\"potentialAction\":[{\"@type\":\"SearchAction\",\"target\":{\"@type\":\"EntryPoint\",\"urlTemplate\":\"https:\\\/\\\/sponsorsmill-store.fi\\\/turunpubiliiga\\\/?s={search_term_string}\"},\"query-input\":{\"@type\":\"PropertyValueSpecification\",\"valueRequired\":true,\"valueName\":\"search_term_string\"}}],\"inLanguage\":\"fi\"},{\"@type\":\"Organization\",\"@id\":\"https:\\\/\\\/sponsorsmill-store.fi\\\/turunpubiliiga\\\/#organization\",\"name\":\"Sponsors Mill Store\",\"url\":\"https:\\\/\\\/sponsorsmill-store.fi\\\/turunpubiliiga\\\/\",\"logo\":{\"@type\":\"ImageObject\",\"inLanguage\":\"fi\",\"@id\":\"https:\\\/\\\/sponsorsmill-store.fi\\\/turunpubiliiga\\\/#\\\/schema\\\/logo\\\/image\\\/\",\"url\":\"https:\\\/\\\/sponsorsmill-store.fi\\\/wp-content\\\/uploads\\\/2025\\\/01\\\/Sponsorsmill-Logo-1024x724.png\",\"contentUrl\":\"https:\\\/\\\/sponsorsmill-store.fi\\\/wp-content\\\/uploads\\\/2025\\\/01\\\/Sponsorsmill-Logo-1024x724.png\",\"width\":1024,\"height\":724,\"caption\":\"Sponsors Mill Store\"},\"image\":{\"@id\":\"https:\\\/\\\/sponsorsmill-store.fi\\\/turunpubiliiga\\\/#\\\/schema\\\/logo\\\/image\\\/\"}}]}<\/script>\n<!-- \/ Yoast SEO plugin. -->","yoast_head_json":{"title":"Etusivu - Turun Pubiliiga","robots":{"index":"index","follow":"follow","max-snippet":"max-snippet:-1","max-image-preview":"max-image-preview:large","max-video-preview":"max-video-preview:-1"},"canonical":"https:\/\/sponsorsmill-store.fi\/turunpubiliiga\/","og_locale":"fi_FI","og_type":"article","og_title":"Etusivu - Turun Pubiliiga","og_url":"https:\/\/sponsorsmill-store.fi\/turunpubiliiga\/","og_site_name":"Turun Pubiliiga","article_modified_time":"2025-11-12T12:30:08+00:00","twitter_card":"summary_large_image","twitter_misc":{"Arvioitu lukuaika":"1 minuutti"},"schema":{"@context":"https:\/\/schema.org","@graph":[{"@type":"WebPage","@id":"https:\/\/sponsorsmill-store.fi\/turunpubiliiga\/","url":"https:\/\/sponsorsmill-store.fi\/turunpubiliiga\/","name":"Etusivu - Turun Pubiliiga","isPartOf":{"@id":"https:\/\/sponsorsmill-store.fi\/turunpubiliiga\/#website"},"datePublished":"2025-06-08T14:10:00+00:00","dateModified":"2025-11-12T12:30:08+00:00","breadcrumb":{"@id":"https:\/\/sponsorsmill-store.fi\/turunpubiliiga\/#breadcrumb"},"inLanguage":"fi","potentialAction":[{"@type":"ReadAction","target":["https:\/\/sponsorsmill-store.fi\/turunpubiliiga\/"]}]},{"@type":"BreadcrumbList","@id":"https:\/\/sponsorsmill-store.fi\/turunpubiliiga\/#breadcrumb","itemListElement":[{"@type":"ListItem","position":1,"name":"Etusivu","item":"https:\/\/sponsorsmill-store.fi\/turunpubiliiga\/"},{"@type":"ListItem","position":2,"name":"Etusivu"}]},{"@type":"WebSite","@id":"https:\/\/sponsorsmill-store.fi\/turunpubiliiga\/#website","url":"https:\/\/sponsorsmill-store.fi\/turunpubiliiga\/","name":"Sponsors Mill Store","description":"","publisher":{"@id":"https:\/\/sponsorsmill-store.fi\/turunpubiliiga\/#organization"},"potentialAction":[{"@type":"SearchAction","target":{"@type":"EntryPoint","urlTemplate":"https:\/\/sponsorsmill-store.fi\/turunpubiliiga\/?s={search_term_string}"},"query-input":{"@type":"PropertyValueSpecification","valueRequired":true,"valueName":"search_term_string"}}],"inLanguage":"fi"},{"@type":"Organization","@id":"https:\/\/sponsorsmill-store.fi\/turunpubiliiga\/#organization","name":"Sponsors Mill Store","url":"https:\/\/sponsorsmill-store.fi\/turunpubiliiga\/","logo":{"@type":"ImageObject","inLanguage":"fi","@id":"https:\/\/sponsorsmill-store.fi\/turunpubiliiga\/#\/schema\/logo\/image\/","url":"https:\/\/sponsorsmill-store.fi\/wp-content\/uploads\/2025\/01\/Sponsorsmill-Logo-1024x724.png","contentUrl":"https:\/\/sponsorsmill-store.fi\/wp-content\/uploads\/2025\/01\/Sponsorsmill-Logo-1024x724.png","width":1024,"height":724,"caption":"Sponsors Mill Store"},"image":{"@id":"https:\/\/sponsorsmill-store.fi\/turunpubiliiga\/#\/schema\/logo\/image\/"}}]}},"_links":{"self":[{"href":"https:\/\/sponsorsmill-store.fi\/turunpubiliiga\/wp-json\/wp\/v2\/pages\/103","targetHints":{"allow":["GET"]}}],"collection":[{"href":"https:\/\/sponsorsmill-store.fi\/turunpubiliiga\/wp-json\/wp\/v2\/pages"}],"about":[{"href":"https:\/\/sponsorsmill-store.fi\/turunpubiliiga\/wp-json\/wp\/v2\/types\/page"}],"author":[{"embeddable":true,"href":"https:\/\/sponsorsmill-store.fi\/turunpubiliiga\/wp-json\/wp\/v2\/users\/1"}],"replies":[{"embeddable":true,"href":"https:\/\/sponsorsmill-store.fi\/turunpubiliiga\/wp-json\/wp\/v2\/comments?post=103"}],"version-history":[{"count":0,"href":"https:\/\/sponsorsmill-store.fi\/turunpubiliiga\/wp-json\/wp\/v2\/pages\/103\/revisions"}],"wp:attachment":[{"href":"https:\/\/sponsorsmill-store.fi\/turunpubiliiga\/wp-json\/wp\/v2\/media?parent=103"}],"curies":[{"name":"wp","href":"https:\/\/api.w.org\/{rel}","templated":true}]}}